84326790?
7
What is the hundreds digit of 46156554?
5
What is the units digit of 962538226?
6
What is the hundred thousands digit of 1501394108?
3
What is the millions digit of 373532019?
3
What is the millions digit of 3223158061?
3
What is the units digit of 1998785017?
7
What is the ten millions digit of 1078119390?
7
What is the hundreds digit of 30922481?
4
What is the millions digit of 884639327?
4
What is the tens digit of 208995399?
9
What is the units digit of 1005180529?
9
What is the hundreds digit of 56381981?
9
What is the ten thousands digit of 2145278804?
7
What is the millions digit of 845520796?
5
What is the thousands digit of 4538963?
8
What is the tens digit of 2423226877?
7
What is the units digit of 31775459?
9
What is the millions digit of 53321936?
3
What is the hundred millions digit of 126871737?
1
What is the thousands digit of 1070230136?
0
What is the units digit of 37186296?
6
What is the ten millions digit of 10480400?
1
What is the ten thousands digit of 145583322?
8
What is the hundreds digit of 53725261?
2
What is the ten thousands digit of 110254773?
5
What is the ten thousands digit of 2671717275?
1
What is the hundred thousands digit of 15982630?
9
What is the tens digit of 15366616?
1
What is the thousands digit of 134699069?
9
What is the units digit of 828419138?
8
What is the tens digit of 5405578190?
9
What is the tens digit of 2355843510?
1
What is the hundred thousands digit of 517108435?
1
What is the millions digit of 11387233?
1
What is the ten thousands digit of 32847840?
4
What is the hundred millions digit of 987484993?
9
What is the thousands digit of 32142704?
2
What is the hundreds digit of 3722565345?
3
What is the ten millions digit of 3150294291?
5
What is the hundreds digit of 119990372?
3
What is the ten thousands digit of 193109854?
0
What is the hundreds digit of 1149020927?
9
What is the tens digit of 52688855?
5
What is the hundreds digit of 260624777?
7
What is the hundreds digit of 618156185?
1
What is the ten thousands digit of 349105657?
0
What is the tens digit of 42372622?
2
What is the hundred thousands digit of 2209010245?
0
What is the tens digit of 232469054?
5
What is the hundreds digit of 633845548?
5
What is the hundreds digit of 38652664?
6
What is the ten thousands digit of 1351529977?
2
What is the hundred thousands digit of 175097993?
0
What is the ten thousands digit of 298225862?
2
What is the hundred thousands digit of 2781302?
7
What is the millions digit of 699079717?
9
What is the millions digit of 37855551?
7
What is the hundred millions digit of 2354509429?
3
What is the thousands digit of 36484563?
4
What is the ten thousands digit of 56377125?
7
What is the units digit of 61072256?
6
What is the ten millions digit of 405051174?
0
What is the thousands digit of 252398547?
8
What is the tens digit of 516319199?
9
What is the hundreds digit of 22402513?
5
What is the ten thousands digit of 6837098246?
9
What is the millions digit of 32178555?
2
What is the hundred thousands digit of 132909334?
9
What is the millions digit of 490965849?
0
What is the tens digit of 980693808?
0
What is the tens digit of 37239118?
1
What is the hundred thousands digit of 594113202?
1
What is the hundred thousands digit of 2300518782?
5
What is the hundreds digit of 45501471?
4
What is the hundreds digit of 218971882?
8
What is the millions digit of 934065327?
4
What is the units digit of 30222561?
1
What is the hundreds digit of 647723362?
3
What is the ten millions digit of 172363343?
7
What is the hundreds digit of 128308251?
2
What is the ten thousands digit of 3892031?
9
What is the hundred thousands digit of 238665346?
6
What is the tens digit of 805442639?
3
What is the hundreds digit of 101003947?
9
What is the units digit of 945116963?
3
What is the units digit of 453452224?
4
What is the ten thousands digit of 460128726?
2
What is the hundred thousands digit of 226331443?
3
What is the tens digit of 508820839?
3
What is the hundreds digit of 1186643072?
0
What is the hundreds digit of 185051967?
9
What is the millions digit of 784678412?
4
What is the hundred thousands digit of 134398157?
3
What is the ten millions digit of 3450821598?
5
What is the hundreds digit of 32132514?
5
What is the ten thousands digit of 56914281?
1
What is the hundreds digit of 17462121?
1
What is the ten thousands digit of 45555764?
5
What is the ten thousands digit of 114042666?
4
What is the hundreds digit of 48030578?
5
What is the hundred thousands digit of 74078512?
0
What is the thousands digit of 1800489929?
9
What is the units digit of 13207118?
8
What is the thousands digit of 20656714?
6
What is the hundred millions digit of 3803001347?
8
What is the thousands digit of 348503004?
3
What is the ten thousands digit of 8082631?
8
What is the units digit of 89599664?
4
What is the hundreds digit of 169504218?
2
What is the units digit of 2922695567?
7
What is the tens digit of 572762209?
0
What is the ten thousands digit of 2940845?
4
What is the hundred thousands digit of 518627816?
6
What is the units digit of 1112417084?
4
What is the hundred millions digit of 221401948?
2
What is the hundred millions digit of 153448023?
1
What is the hundred thousands digit of 742840490?
8
What is the tens digit of 36308715?
1
What is the thousands digit of 622413645?
3
What is the hundred millions digit of 101278582?
1
What is the thousands digit of 479130499?
0
What is the units digit of 102537127?
7
What is the units digit of 27119040?
0
What is the thousands digit of 25058347?
8
What is the ten thousands digit of 96915748?
1
What is the ten thousands digit of 3171437978?
3
What is the ten millions digit of 1013974455?
1
What is the thousands digit of 50136722?
6
What is the millions digit of 2272646?
2
What is the hundreds digit of 48996320?
3
What is the hundred millions digit of 167339121?
1
What is the hundreds digit of 98871727?
7
What is the hundred thousands digit of 65010301?
0
What is the ten millions digit of 161133813?
6
What is the ten thousands digit of 8813871?
1
What is the tens digit of 159235952?
5
What is the hundred thousands digit of 267639725?
6
What is the hundred thousands digit of 2240926554?
9
What is the ten thousands digit of 5680816?
8
What is the hundreds digit of 217384667?
6
What is the tens digit of 3087585389?
8
What is the hundred thousands digit of 4793222828?
2
What is the tens digit of 18929528?
2
What is the thousands digit of 4528296366?
6
What is the units digit of 176388835?
5
What is the hundred millions digit of 623237156?
6
What is the thousands digit of 1495955060?
5
What is the thousands digit of 3022773699?
3
What is the hundred thousands digit of 1730194787?
1
What is the units digit of 1060243857?
7
What is the units digit of 4287981797?
7
What is the thousands digit of 135026029?
6
What is the millions digit of 13733028?
3
What is the tens digit of 276992330?
3
What is the hundreds digit of 244680629?
6
What is the millions digit of 967705855?
7
What is the ten millions digit of 5801109803?
0
What is the hundred thousands digit of 122201257?
2
What is the hundreds digit of 293062346?
3
What is the thousands digit of 97412526?
2
What is the thousands digit of 66985602?
5
What is the ten thousands digit of 60669401?
6
What is the tens digit of 13787990?
9
What is the units digit of 251904885?
5
What is the thousands digit of 198336553?
6
What is the thousands digit of 196816747?
6
What is the hundred thousands digit of 97931852?
9
What is the ten millions digit of 163168597?
6
What is the thousands digit of 64941365?
1
What is the hundreds digit of 88416866?
8
What is the hundred thousands digit of 1171839800?
8
What is the hundreds digit of 81703382?
3
What is the thousands digit of 27041133?
1
What is the ten thousands digit of 2881117758?
1
What is the ten millions digit of 429391867?
2
What is the hundreds digit of 5131114017?
0
What is the ten thousands digit of 414256328?
5
What is the ten thousands digit of 616273977?
7
What is the ten millions digit of 100019439?
0
What is the ten millions digit of 2023039141?
2
What is the millions digit of 271553151?
1
What is the millions digit of 320596628?
0
What is the hundred millions digit of 11